e hundred millions digit of 232750176?
2
What is the ten thousands digit of 91643300?
4
What is the ten thousands digit of 1808343698?
4
What is the tens digit of 49835914?
1
What is the tens digit of 610563654?
5
What is the hundreds digit of 12798523?
5
What is the ten millions digit of 1869851542?
6
What is the hundreds digit of 56415661?
6
What is the units digit of 3305597348?
8
What is the tens digit of 365749261?
6
What is the hundred millions digit of 320719874?
3
What is the thousands digit of 1241740913?
0
What is the millions digit of 3508010655?
8
What is the hundreds digit of 362940253?
2
What is the ten thousands digit of 293409670?
0
What is the units digit of 666306751?
1
What is the hundred millions digit of 119885853?
1
What is the ten thousands digit of 131684561?
8
What is the ten thousands digit of 7844787173?
8
What is the hundreds digit of 1997315251?
2
What is the tens digit of 1714695866?
6
What is the ten millions digit of 58412756?
5
What is the hundred millions digit of 730309995?
7
What is the hundred thousands digit of 58668753?
6
What is the tens digit of 5563963?
6
What is the thousands digit of 153321015?
1
What is the hundreds digit of 207002202?
2
What is the units digit of 35105307?
7
What is the units digit of 122262068?
8
What is the ten millions digit of 272346770?
7
What is the units digit of 52498639?
9
What is the thousands digit of 140117066?
7
What is the millions digit of 1404578579?
4
What is the ten thousands digit of 1160922920?
2
What is the units digit of 7943054202?
2
What is the tens digit of 7410174755?
5
What is the thousands digit of 424848395?
8
What is the hundred millions digit of 420171944?
4
What is the ten thousands digit of 1505272826?
7
What is the billions digit of 5854918489?
5
What is the tens digit of 46929576?
7
What is the units digit of 610537448?
8
What is the hundreds digit of 42881193?
1
What is the hundred millions digit of 1026514372?
0
What is the millions digit of 72173634?
2
What is the tens digit of 292708875?
7
What is the ten millions digit of 258598241?
5
What is the units digit of 47881247?
7
What is the tens digit of 178718955?
5
What is the tens digit of 705158399?
9
What is the units digit of 9280758?
8
What is the thousands digit of 68716087?
6
What is the thousands digit of 10337696?
7
What is the hundred thousands digit of 1181609069?
6
What is the millions digit of 582402034?
2
What is the hundred thousands digit of 212593001?
5
What is the units digit of 1055444573?
3
What is the tens digit of 516637682?
8
What is the units digit of 666570235?
5
What is the hundred millions digit of 119369978?
1
What is the units digit of 2223650037?
7
What is the ten thousands digit of 149839692?
3
What is the tens digit of 544974410?
1
What is the millions digit of 75512622?
5
What is the ten thousands digit of 272187001?
8
What is the hundred millions digit of 128176850?
1
What is the thousands digit of 1490176657?
6
What is the units digit of 533425628?
8
What is the tens digit of 121290661?
6
What is the ten millions digit of 769696417?
6
What is the millions digit of 601562410?
1
What is the thousands digit of 178646213?
6
What is the millions digit of 62579425?
2
What is the hundreds digit of 6514002874?
8
What is the ten millions digit of 1318280373?
1
What is the hundreds digit of 7508957?
9
What is the ten millions digit of 48357320?
4
What is the hundred thousands digit of 300829140?
8
What is the thousands digit of 72005525?
5
What is the hundreds digit of 5913113933?
9
What is the tens digit of 143224694?
9
What is the ten millions digit of 23820818?
2
What is the ten millions digit of 25990652?
2
What is the tens digit of 2178410510?
1
What is the ten millions digit of 142523752?
4
What is the hundred millions digit of 422267213?
4
What is the hundreds digit of 1214013387?
3
What is the ten millions digit of 25561309?
2
What is the hundred thousands digit of 2720468?
7
What is the ten thousands digit of 840956196?
5
What is the tens digit of 86676437?
3
What is the hundred thousands digit of 6874525627?
5
What is the ten thousands digit of 894736350?
3
What is the thousands digit of 132599893?
9
What is the thousands digit of 59504037?
4
What is the tens digit of 54941734?
3
What is the hundred thousands digit of 6533077584?
0
What is the hundreds digit of 68970489?
4
What is the ten thousands digit of 87407059?
0
What is the units digit of 416908401?
1
What is the ten millions digit of 881502551?
8
What is the hundreds digit of 50204792?
7
What is the hundreds digit of 1549441?
4
What is the hundred millions digit of 1951786717?
9
What is the millions digit of 979206648?
9
What is the ten thousands digit of 89951304?
5
What is the hundreds digit of 63848123?
1
What is the thousands digit of 50626333?
6
What is the hundred millions digit of 679684415?
6
What is the units digit of 31897445?
5
What is the millions digit of 124783397?
4
What is the units digit of 1155549773?
3
What is the ten thousands digit of 56495896?
9
What is the millions digit of 5904829397?
4
What is the hundred thousands digit of 30022185?
0
What is the tens digit of 138267376?
7
What is the tens digit of 319378388?
8
What is the millions digit of 73338812?
3
What is the ten thousands digit of 256719291?
1
What is the ten thousands digit of 46148290?
4
What is the ten millions digit of 785413655?
8
What is the hundreds digit of 172042785?
7
What is the thousands digit of 32867289?
7
What is the ten thousands digit of 416821669?
2
What is the ten millions digit of 47035826?
4
What is the thousands digit of 117359419?
9
What is the thousands digit of 903082870?
2
What is the thousands digit of 145269778?
9
What is the ten millions digit of 63825126?
6
What is the ten thousands digit of 26588499?
8
What is the thousands digit of 6834553?
4
What is the thousands digit of 25416198?
6
What is the hundred millions digit of 192024953?
1
What is the ten thousands digit of 1346000877?
0
What is the millions digit of 134668807?
4
What is the hundred thousands digit of 43391652?
3
What is the hundred thousands digit of 307556835?
5
What is the hundred millions digit of 193954536?
1
What is the hundred thousands digit of 44269742?
2
What is the ten millions digit of 6582802280?
8
What is the units digit of 213907540?
0
What is the ten millions digit of 1266061735?
6
What is the units digit of 126971639?
9
What is the hundreds digit of 200246792?
7
What is the ten millions digit of 44458268?
4
What is the thousands digit of 37450754?
0
What is the ten thousands digit of 5729774851?
7
What is the ten millions digit of 111760210?
1
What is the hundreds digit of 24421491?
4
What is the ten thousands digit of 617807888?
0
What is the ten thousands digit of 107727566?
2
What is the millions digit of 1104391120?
4
What is the tens digit of 218562487?
8
What is the tens digit of 349190230?
3
What is the hundred thousands digit of 67607699?
6
What is the units digit of 164270995?
5
What is the thousands digit of 24696324?
6
What is the thousands digit of 405052342?
2
What is the tens digit of 88012972?
7
What is the millions digit of 73364696?
3
What is the thousands digit of 1105247353?
7
What is the tens digit of 5956990?
9
What is the millions digit of 477429866?
7
What is the ten millions digit of 28446983?
2
What is the thousands digit of 62024183?
4
What is the thousands digit of 39093831?
3
What is the hundreds digit of 13574590?
5
What is the tens digit of 72369925?
2
What is the units digit of 501683080?
0
What is the ten thousands digit of 20583523?
8
What is the hundred thousands digit of 61239023?
2
What is the ten thousands digit of 338462893?
6
What is the thousands digit of 1625138724?
8
What is the hundred millions digit of 1051452655?
0
What is the thousands digit of 2824627?
4
What is the ten thousands digit of 65264623?
6
What is the tens digit of 249958625?
2
What is the hundreds digit of 26555027?
0
What is the hundreds digit of 241111182?
1
What is the ten thousands digit of 5724770?
2
What is the hundred millions digit of 299929331?
2
What is the hundreds digit of 617876614?
6
What is the ten millions digit of 37008208?
3
What is the hundred millions digit of 159198935?
1
What is